{"id":2585,"date":"2026-04-08T21:59:26","date_gmt":"2026-04-08T19:59:26","guid":{"rendered":"https:\/\/www.massageandlife.eu\/?page_id=2585"},"modified":"2026-04-08T22:04:02","modified_gmt":"2026-04-08T20:04:02","slug":"mon-approche","status":"publish","type":"page","link":"https:\/\/www.massageandlife.eu\/index.php\/bienvenue\/mon-approche\/","title":{"rendered":"Mon approche"},"content":{"rendered":"\n<h2 class=\"wp-block-heading has-text-color\" style=\"color:#25557b;font-size:30px;font-style:italic;font-weight:400\">\ud83c\udfb6 Mon approche<\/h2>\n\n\n\n<p class=\"has-text-color\" style=\"color:#25557b;font-size:20px;font-style:italic;font-weight:400\">Je suis <strong>psychologue clinicienne et sono-somato-th\u00e9rapeute\u00ae<\/strong>, et j\u2019accompagne les femmes en \u00e9puisement \u00e9motionnel ainsi que les enfants<br>\u00e0 travers une approche <strong>globale et int\u00e9grative<\/strong>.<\/p>\n\n\n\n<p class=\"has-text-color\" style=\"color:#25557b;font-size:20px;font-style:italic;font-weight:400\">J\u2019utilise :<\/p>\n\n\n\n<ul class=\"wp-block-list\">\n<li style=\"color:#25557b;font-size:20px;font-style:italic;font-weight:400\">le <strong>travail corporel et somato-\u00e9motionnel<\/strong><\/li>\n\n\n\n<li style=\"color:#25557b;font-size:20px;font-style:italic;font-weight:400\">le <strong>son et les vibrations<\/strong> (bols, diapasons, voix)<\/li>\n\n\n\n<li style=\"color:#25557b;font-size:20px;font-style:italic;font-weight:400\">le <strong>toucher th\u00e9rapeutique<\/strong><\/li>\n\n\n\n<li style=\"color:#25557b;font-size:20px;font-style:italic;font-weight:400\">la <strong>parole<\/strong>, quand elle est n\u00e9cessaire<\/li>\n<\/ul>\n\n\n\n<p class=\"has-text-color\" style=\"color:#25557b;font-size:20px;font-style:italic;font-weight:400\">Objectif :<br><strong>apaiser le syst\u00e8me nerveux, lib\u00e9rer les tensions profondes et te reconnecter \u00e0 toi.<\/strong><\/p>\n\n\n\n<hr class=\"wp-block-separator has-alpha-channel-opacity\"\/>\n\n\n\n<h2 class=\"wp-block-heading has-text-color\" style=\"color:#25557b;font-size:20px;font-style:italic;font-weight:400\">\ud83c\udf3f Une autre fa\u00e7on d\u2019accompagner<\/h2>\n\n\n\n<p class=\"has-text-color\" style=\"color:#25557b;font-size:20px;font-style:italic;font-weight:400\">Ici, on ne fait pas que parler.<\/p>\n\n\n\n<p class=\"has-text-color\" style=\"color:#25557b;font-size:20px;font-style:italic;font-weight:400\">On va l\u00e0 o\u00f9 les mots ne suffisent plus.<br>L\u00e0 o\u00f9 le corps garde tout.<\/p>\n\n\n\n<p class=\"has-text-color\" style=\"color:#25557b;font-size:20px;font-style:italic;font-weight:400\">Et peu \u00e0 peu\u2026<br><strong>tu respires \u00e0 nouveau.<\/strong><\/p>\n\n\n\n<h2 class=\"wp-block-heading has-text-color\" style=\"color:#25557b;font-size:30px;font-style:italic;font-weight:400\"><\/h2>\n","protected":false},"excerpt":{"rendered":"<p>\ud83c\udfb6 Mon approche Je suis psychologue clinicienne et sono-somato-th\u00e9rapeute\u00ae, et j\u2019accompagne les femmes en \u00e9puisement \u00e9motionnel ainsi que les enfants\u00e0 travers une approche globale et int\u00e9grative. J\u2019utilise : Objectif :apaiser le syst\u00e8me nerveux, lib\u00e9rer les tensions profondes et te reconnecter \u00e0 toi. \ud83c\udf3f Une autre fa\u00e7on d\u2019accompagner Ici, on ne fait pas que parler. On [&hellip;]<\/p>\n","protected":false},"author":1,"featured_media":0,"parent":358,"menu_order":1,"comment_status":"closed","ping_status":"closed","template":"","meta":{"footnotes":""},"class_list":["post-2585","page","type-page","status-publish","hentry","entry"],"_links":{"self":[{"href":"https:\/\/www.massageandlife.eu\/index.php\/wp-json\/wp\/v2\/pages\/2585","targetHints":{"allow":["GET"]}}],"collection":[{"href":"https:\/\/www.massageandlife.eu\/index.php\/wp-json\/wp\/v2\/pages"}],"about":[{"href":"https:\/\/www.massageandlife.eu\/index.php\/wp-json\/wp\/v2\/types\/page"}],"author":[{"embeddable":true,"href":"https:\/\/www.massageandlife.eu\/index.php\/wp-json\/wp\/v2\/users\/1"}],"replies":[{"embeddable":true,"href":"https:\/\/www.massageandlife.eu\/index.php\/wp-json\/wp\/v2\/comments?post=2585"}],"version-history":[{"count":4,"href":"https:\/\/www.massageandlife.eu\/index.php\/wp-json\/wp\/v2\/pages\/2585\/revisions"}],"predecessor-version":[{"id":2592,"href":"https:\/\/www.massageandlife.eu\/index.php\/wp-json\/wp\/v2\/pages\/2585\/revisions\/2592"}],"up":[{"embeddable":true,"href":"https:\/\/www.massageandlife.eu\/index.php\/wp-json\/wp\/v2\/pages\/358"}],"wp:attachment":[{"href":"https:\/\/www.massageandlife.eu\/index.php\/wp-json\/wp\/v2\/media?parent=2585"}],"curies":[{"name":"wp","href":"https:\/\/api.w.org\/{rel}","templated":true}]}}